{"id":8659,"date":"2018-11-05T11:14:31","date_gmt":"2018-11-05T11:14:31","guid":{"rendered":"http:\/\/stiti.it\/?page_id=8659"},"modified":"2018-11-05T11:15:27","modified_gmt":"2018-11-05T11:15:27","slug":"note-legali","status":"publish","type":"page","link":"https:\/\/stiti.it\/index.php\/note-legali\/","title":{"rendered":"Note legali"},"content":{"rendered":"<p>[vc_row type=&#8221;full-width-content&#8221;][vc_column][vc_single_image image=&#8221;7359&#8243; img_size=&#8221;full&#8221; alignment=&#8221;center&#8221;][\/vc_column][\/vc_row][vc_row][vc_column][vc_custom_heading text=&#8221;Note legali&#8221; font_container=&#8221;tag:h2|text_align:left|color:%23000000&#8243; google_fonts=&#8221;font_family:Arimo%3Aregular%2Citalic%2C700%2C700italic|font_style:700%20bold%20regular%3A700%3Anormal&#8221;][vc_column_text]<span style=\"color: #000000;\"><strong>PRIMA DI ACCEDERE AL SITO, SI RACCOMANDA DI LEGGERE ATTENTAMENTE LE SEGUENTI AVVERTENZE.<br \/>\n<\/strong><\/span><br \/>\n<span style=\"color: #000000;\">Tutto il materiale pubblicato o comunque presente sul sito &#8211; compresi i marchi, i loghi, i comunicati, gli articoli e i documenti in genere ivi riprodotti, nonch\u00e8 il software applicativo, i codici e i formats scripts utilizzati per l\u2019implementazione del sito &#8211; \u00e9 di propriet\u00e0\u00a0S.T.I.T.I.\u00a0o di societ\u00e0 con cui S.T.I.T.I. ha stipulato accordi commerciali ed \u00e8 protetto dalle norme sul diritto d\u2019autore.<\/span><\/p>\n<p><span style=\"color: #000000;\">Pertanto, senza il preventivo consenso formale del proprietario, il suddetto materiale non pu\u00f2 essere copiato, scaricato, riprodotto, copiato, utilizzato su altri siti internet, modificato, trasferito, distribuito o comunicato a terzi se non per uso esclusivamente personale, restando in ogni caso vietato ogni utilizzo commerciale.<\/span><\/p>\n<p><span style=\"color: #000000;\">Pur ponendo la massima cura nella tenuta del sito e considerando affidabili i suoi contenuti, S.T.I.T.I. non assume tuttavia alcuna responsabilit\u00e0 in merito all&#8217;esattezza, completezza e attualit\u00e0 dei dati e delle informazioni presenti sul sito o sui siti a questo collegati n\u00e9 assume alcun impegno circa l&#8217;aggiornamento di tali dati e informazioni.<\/span><\/p>\n<p><span style=\"color: #000000;\">Anche se S.T.I.T.I. adotta apposite misure finalizzate a escludere la presenza di virus informatici nei files accessibili tramite il sito, si raccomanda comunque l\u2019utilizzo di un efficiente e aggiornato programma antivirus, prima della loro apertura ed utilizzo. La societ\u00e0 declina ogni responsabilit\u00e0 per i danni che dovessero essere causati da eventuali virus informatici a coloro che accedono al sito.<\/span>[\/vc_column_text][vc_custom_heading text=&#8221;Legal notes&#8221; font_container=&#8221;tag:h2|text_align:left|color:%23000000&#8243; google_fonts=&#8221;font_family:Arimo%3Aregular%2Citalic%2C700%2C700italic|font_style:700%20bold%20regular%3A700%3Anormal&#8221;][vc_column_text]<span style=\"color: #000000;\"><strong>BEFORE YOU ACCESS THE SITE, IT IS RECOMMENDED READ THE FOLLOWING INSTRUCTIONS.<br \/>\n<\/strong><\/span><br \/>\n<span style=\"color: #000000;\">All material published on site &#8211; including trademarks, logos, press releases, articles and papers generally played there, and the application software, codes and formats scripts used for the implementation of the site &#8211; is owned by\u00a0S.T.I.T.I.\u00a0or companies with which S.T.I.T.I. has signed trade agreements and is protected by the laws on copyright.<\/span><\/p>\n<p><span style=\"color: #000000;\">Therefore, without the prior consent of the owner, this material can not be copied, downloaded, reproduced, used on other websites, modified, transferred, distributed or communicated to others if not for personal use only, remaining in each case prohibited any commercial use.<\/span><\/p>\n<p><span style=\"color: #000000;\">While posing the greatest care in keeping the site and considering its contents reliable, S.T.I.T.I. However not assume any responsibility regarding the accuracy, completeness and timeliness of data and information on the site or sites linked to this or make any commitment about the upgrade of data and information.<\/span><\/p>\n<p><span style=\"color: #000000;\">Although S.T.I.T.I. take appropriate measures to exclude the presence of viruses in files accessible through the site, it recommends the use of an efficient and updated antivirus program before opening them and use. The company assumes no liability for damages that may be caused by any viruses to those who access the site.<\/span>[\/vc_column_text][\/vc_column][\/vc_row]<\/p>\n","protected":false},"excerpt":{"rendered":"<p>[vc_row type=&#8221;full-width-content&#8221;][vc_column][vc_single_image image=&#8221;7359&#8243; img_size=&#8221;full&#8221; alignment=&#8221;center&#8221;][\/vc_column][\/vc_row][vc_row][vc_column][vc_custom_heading text=&#8221;Note legali&#8221; font_container=&#8221;tag:h2|text_align:left|color:%23000000&#8243; google_fonts=&#8221;font_family:Arimo%3Aregular%2Citalic%2C700%2C700italic|font_style:700%20bold%20regular%3A700%3Anormal&#8221;][vc_column_text]PRIMA DI ACCEDERE AL SITO, SI RACCOMANDA DI LEGGERE ATTENTAMENTE LE SEGUENTI AVVERTENZE. Tutto il materiale pubblicato o comunque presente sul sito &#8211; compresi i marchi, i loghi, i comunicati, gli articoli e i documenti in genere ivi riprodotti, nonch\u00e8 il software applicativo, i codici e i<br \/><a href=\"https:\/\/stiti.it\/index.php\/note-legali\/\" class=\"more\">Read more<\/a><\/p>\n","protected":false},"author":1,"featured_media":0,"parent":0,"menu_order":0,"comment_status":"closed","ping_status":"closed","template":"","meta":[],"_links":{"self":[{"href":"https:\/\/stiti.it\/index.php\/wp-json\/wp\/v2\/pages\/8659"}],"collection":[{"href":"https:\/\/stiti.it\/index.php\/wp-json\/wp\/v2\/pages"}],"about":[{"href":"https:\/\/stiti.it\/index.php\/wp-json\/wp\/v2\/types\/page"}],"author":[{"embeddable":true,"href":"https:\/\/stiti.it\/index.php\/wp-json\/wp\/v2\/users\/1"}],"replies":[{"embeddable":true,"href":"https:\/\/stiti.it\/index.php\/wp-json\/wp\/v2\/comments?post=8659"}],"version-history":[{"count":2,"href":"https:\/\/stiti.it\/index.php\/wp-json\/wp\/v2\/pages\/8659\/revisions"}],"predecessor-version":[{"id":8661,"href":"https:\/\/stiti.it\/index.php\/wp-json\/wp\/v2\/pages\/8659\/revisions\/8661"}],"wp:attachment":[{"href":"https:\/\/stiti.it\/index.php\/wp-json\/wp\/v2\/media?parent=8659"}],"curies":[{"name":"wp","href":"https:\/\/api.w.org\/{rel}","templated":true}]}}