{"id":8012,"date":"2018-10-23T08:26:37","date_gmt":"2018-10-23T08:26:37","guid":{"rendered":"http:\/\/stiti.it\/?page_id=8012"},"modified":"2021-12-13T10:31:25","modified_gmt":"2021-12-13T10:31:25","slug":"contacts-2","status":"publish","type":"page","link":"https:\/\/stiti.it\/index.php\/fr\/contacts-2\/","title":{"rendered":"CONTACTSS"},"content":{"rendered":"<p>[vc_row type=&#8221;full-width-content&#8221;][vc_column][vc_single_image image=&#8221;7359&#8243; img_size=&#8221;full&#8221; alignment=&#8221;center&#8221;][\/vc_column][\/vc_row][vc_row css=&#8221;.vc_custom_1540203361906{margin-bottom: 0px !important;padding-top: 80px !important;}&#8221;][vc_column width=&#8221;1\/3&#8243; css=&#8221;.vc_custom_1422986149466{padding-bottom: 25px !important;}&#8221;]<style>#rand_toms51ubk74uzhkv1dvl {margin-top:0px; margin-bottom:0px; }<\/style><style>#rand_toms51ubk74uzhkv1dvl:hover .icon_circle i{color:#0c397d !important;}#rand_toms51ubk74uzhkv1dvl:hover .icon_circle{background:#2d3e50 !important; border:4px solid #0c397d!important;}<\/style> <style> @font-face{font-family: 'fa'; src:url('https:\/\/stiti.it\/wp-content\/themes\/TheFox\/includes\/4k-icons\/icons\/4k-icons-pack02\/icons\/fonts\/fa.eot'); src:url('https:\/\/stiti.it\/wp-content\/themes\/TheFox\/includes\/4k-icons\/icons\/4k-icons-pack02\/icons\/fonts\/fa.eot?#iefix') format('embedded-opentype'), url('https:\/\/stiti.it\/wp-content\/themes\/TheFox\/includes\/4k-icons\/icons\/4k-icons-pack02\/icons\/fonts\/fa.woff') format('woff'), url('https:\/\/stiti.it\/wp-content\/themes\/TheFox\/includes\/4k-icons\/icons\/4k-icons-pack02\/icons\/fonts\/fa.ttf') format('truetype'), url('https:\/\/stiti.it\/wp-content\/themes\/TheFox\/includes\/4k-icons\/icons\/4k-icons-pack02\/icons\/fonts\/fa.svg#oi') format('svg'); font-weight: normal; font-style: normal;}#rand_toms51ubk74uzhkv1dvl .fa-home:before{font-family: 'fa'; font-weight: normal; font-style: normal;}#rand_toms51ubk74uzhkv1dvl .fa-home:before{content: \"\\f015\";}<\/style>\n<style>#rand_toms51ubk74uzhkv1dvl:hover {background:#ffffff !important; border:1px solid rgba(255,255,255,0.01) !important; color:#ffffff!important;}#rand_toms51ubk74uzhkv1dvl:hover .icon_circle{background:#0c397d !important; border:4px solid #ffffff!important;}#rand_toms51ubk74uzhkv1dvl:hover .icon_circle i{color:#ffffff !important;}#rand_toms51ubk74uzhkv1dvl:hover h3{color:#0c397d !important;}#rand_toms51ubk74uzhkv1dvl:hover h3{color:#0c397d !important;}#rand_toms51ubk74uzhkv1dvl:hover p{ color:#ffffff;}<\/style> <div id=\"rand_toms51ubk74uzhkv1dvl\" class=\"icon_box2_alt \" style=\"background:#ffffff; border:1px solid #ffffff; \"><div class=\"icon_circle\" style=\"background-color:#0c397d;\"><i class=\"fa-home\" ><\/i><\/div><h3 style=\"color:#0c397d;\" >Adresse<\/h3><p style=\"color:#0c397d;\" ><span style=\"color: #000000;\">Via Campagnola, 7<\/span><br \/>\n<span style=\"color: #000000;\">36040 Orgiano VICENZA<\/span><br \/>\n<span style=\"color: #000000;\">ITALY<\/span><\/p><\/div>[\/vc_column][vc_column width=&#8221;1\/3&#8243; css=&#8221;.vc_custom_1422986154812{padding-bottom: 25px !important;}&#8221;]<style>#rand_l2u62d0lz6oy2j7hh2hg {margin-top:0px; margin-bottom:0px; }<\/style><style>#rand_l2u62d0lz6oy2j7hh2hg:hover .icon_circle i{color:#0c397d !important;}#rand_l2u62d0lz6oy2j7hh2hg:hover .icon_circle{background:#2d3e50 !important; border:4px solid #0c397d!important;}<\/style> <style> @font-face{font-family: 'fa'; src:url('https:\/\/stiti.it\/wp-content\/themes\/TheFox\/includes\/4k-icons\/icons\/4k-icons-pack02\/icons\/fonts\/fa.eot'); src:url('https:\/\/stiti.it\/wp-content\/themes\/TheFox\/includes\/4k-icons\/icons\/4k-icons-pack02\/icons\/fonts\/fa.eot?#iefix') format('embedded-opentype'), url('https:\/\/stiti.it\/wp-content\/themes\/TheFox\/includes\/4k-icons\/icons\/4k-icons-pack02\/icons\/fonts\/fa.woff') format('woff'), url('https:\/\/stiti.it\/wp-content\/themes\/TheFox\/includes\/4k-icons\/icons\/4k-icons-pack02\/icons\/fonts\/fa.ttf') format('truetype'), url('https:\/\/stiti.it\/wp-content\/themes\/TheFox\/includes\/4k-icons\/icons\/4k-icons-pack02\/icons\/fonts\/fa.svg#oi') format('svg'); font-weight: normal; font-style: normal;}#rand_l2u62d0lz6oy2j7hh2hg .fa-envelope-o:before{font-family: 'fa'; font-weight: normal; font-style: normal;}#rand_l2u62d0lz6oy2j7hh2hg .fa-envelope-o:before{content: \"\\f003\";}<\/style>\n<style>#rand_l2u62d0lz6oy2j7hh2hg:hover {background:rgba(44,62,80,0.01) !important; border:1px solid rgba(255,255,255,0.01) !important; color:#ffffff!important;}#rand_l2u62d0lz6oy2j7hh2hg:hover .icon_circle{background:#0c397d !important; border:4px solid #ffffff!important;}#rand_l2u62d0lz6oy2j7hh2hg:hover .icon_circle i{color:#ffffff !important;}#rand_l2u62d0lz6oy2j7hh2hg:hover h3{color:#0c397d !important;}#rand_l2u62d0lz6oy2j7hh2hg:hover h3{color:#0c397d !important;}#rand_l2u62d0lz6oy2j7hh2hg:hover p{ color:#ffffff;}<\/style> <div id=\"rand_l2u62d0lz6oy2j7hh2hg\" class=\"icon_box2_alt \" style=\"background:#ffffff; border:1px solid #ffffff; \"><div class=\"icon_circle\" style=\"background-color:#0c397d;\"><i class=\"fa-envelope-o\" ><\/i><\/div><h3 style=\"color:#0c397d;\" >E-mail<\/h3><p style=\"color:#ffffff;\" ><a href=\"mailto:stiti@stiti.it\">stiti@stiti.it<\/a><br \/>\n<a href=\"mailto:stiti@pec.confindustriavicenza.it\">stiti@pec.confindustriavicenza.it<\/a><\/p><\/div><style>#l_y3eqlnh8u4zbx8h6i18d{width:200px;}#l_y3eqlnh8u4zbx8h6i18d.sc_line ,#l_y3eqlnh8u4zbx8h6i18d .sc_line { height:1px; background:#93a9bf;}#l_y3eqlnh8u4zbx8h6i18d.sc_line ,#l_y3eqlnh8u4zbx8h6i18d .sc_line{margin-left:auto!important; margin-right:auto!important;}#l_y3eqlnh8u4zbx8h6i18d {margin:0px 0 0px 0; padding:0;}<\/style><div class=\"clearfix\"><\/div><div id=\"l_y3eqlnh8u4zbx8h6i18d\"  class=\"sc_line rd_line_normal\" ><\/div>[\/vc_column][vc_column width=&#8221;1\/3&#8243; css=&#8221;.vc_custom_1422986161567{padding-bottom: 25px !important;}&#8221;]<style>#rand_43ep1njk4ns86xyf2ukd {margin-top:0px; margin-bottom:0px; }<\/style><style>#rand_43ep1njk4ns86xyf2ukd:hover .icon_circle i{color:#0c397d !important;}#rand_43ep1njk4ns86xyf2ukd:hover .icon_circle{background:#2d3e50 !important; border:4px solid #0c397d!important;}<\/style> <style> @font-face{font-family: 'fa'; src:url('https:\/\/stiti.it\/wp-content\/themes\/TheFox\/includes\/4k-icons\/icons\/4k-icons-pack02\/icons\/fonts\/fa.eot'); src:url('https:\/\/stiti.it\/wp-content\/themes\/TheFox\/includes\/4k-icons\/icons\/4k-icons-pack02\/icons\/fonts\/fa.eot?#iefix') format('embedded-opentype'), url('https:\/\/stiti.it\/wp-content\/themes\/TheFox\/includes\/4k-icons\/icons\/4k-icons-pack02\/icons\/fonts\/fa.woff') format('woff'), url('https:\/\/stiti.it\/wp-content\/themes\/TheFox\/includes\/4k-icons\/icons\/4k-icons-pack02\/icons\/fonts\/fa.ttf') format('truetype'), url('https:\/\/stiti.it\/wp-content\/themes\/TheFox\/includes\/4k-icons\/icons\/4k-icons-pack02\/icons\/fonts\/fa.svg#oi') format('svg'); font-weight: normal; font-style: normal;}#rand_43ep1njk4ns86xyf2ukd .fa-phone:before{font-family: 'fa'; font-weight: normal; font-style: normal;}#rand_43ep1njk4ns86xyf2ukd .fa-phone:before{content: \"\\f095\";}<\/style>\n<style>#rand_43ep1njk4ns86xyf2ukd:hover {background:rgba(44,62,80,0.01) !important; border:1px solid rgba(0,0,0,0.01) !important; color:#ffffff!important;}#rand_43ep1njk4ns86xyf2ukd:hover .icon_circle{background:#0c397d !important; border:4px solid #ffffff!important;}#rand_43ep1njk4ns86xyf2ukd:hover .icon_circle i{color:#ffffff !important;}#rand_43ep1njk4ns86xyf2ukd:hover h3{color:#0c397d !important;}#rand_43ep1njk4ns86xyf2ukd:hover h3{color:#0c397d !important;}#rand_43ep1njk4ns86xyf2ukd:hover p{ color:#ffffff;}<\/style> <div id=\"rand_43ep1njk4ns86xyf2ukd\" class=\"icon_box2_alt \" style=\"background:#ffffff; border:1px solid #ffffff; \"><div class=\"icon_circle\" style=\"background-color:#0c397d;\"><i class=\"fa-phone\" ><\/i><\/div><h3 style=\"color:#0c397d;\" >Contacts<\/h3><p style=\"color:#ffffff;\" ><span style=\"color: #000000;\">Tel. ++39 0444 874043<\/span><br \/>\n<span style=\"color: #000000;\">Fax. ++39 0444 774476<\/span><\/p><\/div>[\/vc_column][\/vc_row][vc_row][vc_column][vc_raw_html]JTNDaWZyYW1lJTIwc3JjJTNEJTIyaHR0cHMlM0ElMkYlMkZ3d3cuZ29vZ2xlLmNvbSUyRm1hcHMlMkZlbWJlZCUzRnBiJTNEJTIxMW0xNCUyMTFtOCUyMTFtMyUyMTFkMTEyMTkuMDQ5MDQzOTgxODgyJTIxMmQxMS40NzgyMDcxJTIxM2Q0NS4zMzM0MjMlMjEzbTIlMjExaTEwMjQlMjEyaTc2OCUyMTRmMTMuMSUyMTNtMyUyMTFtMiUyMTFzMHgwJTI1M0EweDM1NjZhMDNhZDRkNTJiMTQlMjEyc1MuVC5JLlQuSS4lMjUyMFMuci5sLiUyMTVlMCUyMTNtMiUyMTFzaXQlMjEyc2l0JTIxNHYxNjM2NjQzOTY1NTk4JTIxNW0yJTIxMXNpdCUyMTJzaXQlMjIlMjB3aWR0aCUzRCUyMjYwMCUyMiUyMGhlaWdodCUzRCUyMjQ1MCUyMiUyMHN0eWxlJTNEJTIyYm9yZGVyJTNBMCUzQiUyMiUyMGFsbG93ZnVsbHNjcmVlbiUzRCUyMiUyMiUyMGxvYWRpbmclM0QlMjJsYXp5JTIyJTNFJTNDJTJGaWZyYW1lJTNF[\/vc_raw_html][\/vc_column][\/vc_row][vc_row][vc_column width=&#8221;1\/3&#8243;][vc_custom_heading text=&#8221;Comment arriver de nous&#8221; font_container=&#8221;tag:h2|text_align:left|color:%230c397d&#8221; google_fonts=&#8221;font_family:Arimo%3Aregular%2Citalic%2C700%2C700italic|font_style:400%20regular%3A400%3Anormal&#8221;][vc_custom_heading text=&#8221;En train&#8221; font_container=&#8221;tag:h2|text_align:left|color:%230c397d&#8221; google_fonts=&#8221;font_family:Arimo%3Aregular%2Citalic%2C700%2C700italic|font_style:400%20regular%3A400%3Anormal&#8221;][vc_column_text css=&#8221;.vc_custom_1540476329494{margin-top: -40px !important;}&#8221;]<span style=\"color: #0c397d;\"><span style=\"color: #000000;\">Gare de<\/span><b>\u00a0Vicenza<\/b><\/span>[\/vc_column_text][vc_custom_heading text=&#8221;En voiture&#8221; font_container=&#8221;tag:h2|text_align:left|color:%230c397d&#8221; google_fonts=&#8221;font_family:Arimo%3Aregular%2Citalic%2C700%2C700italic|font_style:400%20regular%3A400%3Anormal&#8221;][vc_column_text css=&#8221;.vc_custom_1540476334356{margin-top: -40px !important;}&#8221;]<span style=\"color: #000000;\">Autoroute A4 Sortie Montebello<br \/>\nAutoroute A31 Sortie Agugliaro<\/span>[\/vc_column_text][\/vc_column][vc_column width=&#8221;1\/3&#8243;][vc_custom_heading text=&#8221;Par avion&#8221; font_container=&#8221;tag:h2|text_align:left|color:%230c397d&#8221; google_fonts=&#8221;font_family:Arimo%3Aregular%2Citalic%2C700%2C700italic|font_style:400%20regular%3A400%3Anormal&#8221;][vc_column_text css=&#8221;.vc_custom_1540476340783{margin-top: -40px !important;}&#8221;]<span style=\"color: #0c397d;\"><strong>V\u00e9rone<\/strong><br \/>\n<\/span><span style=\"color: #000000;\">A\u00e9roport Valerio Catullo<\/span><br \/>\n<span style=\"color: #0c397d;\"><strong>Venise<\/strong><br \/>\n<span style=\"color: #000000;\">A\u00e9roport Marco Polo<br \/>\n<span style=\"color: #0c397d;\"><strong>Bologne<\/strong><br \/>\n<span style=\"color: #000000;\">A\u00e9roport G. Marconi<br \/>\n<span style=\"color: #0c397d;\"><strong>Milan<\/strong><br \/>\n<span style=\"color: #000000;\">A\u00e9roport de Malpensa<br \/>\nA\u00e9roport de Linate<br \/>\n<\/span><\/span><\/span><\/span><\/span><\/span>[\/vc_column_text][\/vc_column][vc_column width=&#8221;1\/3&#8243;][vc_column_text]<span style=\"color: #000000;\">Capitale sociale de 51 000 \u20ac enti\u00e8rement lib\u00e9r\u00e9<\/span><br \/>\n<span style=\"color: #000000;\">Inscrite \u00e0 la C.C.I.A.A. de Vicence<\/span><br \/>\n<span style=\"color: #000000;\">REA n\u00b0 202357<\/span><br \/>\n<span style=\"color: #000000;\">N\u00b0 d&#8217;immatriculation\/Registre du commerce n\u00b0 01311650285<br \/>\n<\/span><span style=\"color: #000000;\">Num\u00e9ro de TVA : 02031160241<\/span>[\/vc_column_text][\/vc_column][\/vc_row]<\/p>\n","protected":false},"excerpt":{"rendered":"<p>[vc_row type=&#8221;full-width-content&#8221;][vc_column][vc_single_image image=&#8221;7359&#8243; img_size=&#8221;full&#8221; alignment=&#8221;center&#8221;][\/vc_column][\/vc_row][vc_row css=&#8221;.vc_custom_1540203361906{margin-bottom: 0px !important;padding-top: 80px !important;}&#8221;][vc_column width=&#8221;1\/3&#8243; css=&#8221;.vc_custom_1422986149466{padding-bottom: 25px !important;}&#8221;] AdresseVia Campagnola, 7 36040 Orgiano VICENZA ITALY[\/vc_column][vc_column width=&#8221;1\/3&#8243; css=&#8221;.vc_custom_1422986154812{padding-bottom: 25px !important;}&#8221;] E-mailstiti@stiti.it stiti@pec.confindustriavicenza.it[\/vc_column][vc_column width=&#8221;1\/3&#8243; css=&#8221;.vc_custom_1422986161567{padding-bottom: 25px !important;}&#8221;] ContactsTel. ++39 0444 874043 Fax. ++39 0444 774476[\/vc_column][\/vc_row][vc_row][vc_column][vc_raw_html]JTNDaWZyYW1lJTIwc3JjJTNEJTIyaHR0cHMlM0ElMkYlMkZ3d3cuZ29vZ2xlLmNvbSUyRm1hcHMlMkZlbWJlZCUzRnBiJTNEJTIxMW0xNCUyMTFtOCUyMTFtMyUyMTFkMTEyMTkuMDQ5MDQzOTgxODgyJTIxMmQxMS40NzgyMDcxJTIxM2Q0NS4zMzM0MjMlMjEzbTIlMjExaTEwMjQlMjEyaTc2OCUyMTRmMTMuMSUyMTNtMyUyMTFtMiUyMTFzMHgwJTI1M0EweDM1NjZhMDNhZDRkNTJiMTQlMjEyc1MuVC5JLlQuSS4lMjUyMFMuci5sLiUyMTVlMCUyMTNtMiUyMTFzaXQlMjEyc2l0JTIxNHYxNjM2NjQzOTY1NTk4JTIxNW0yJTIxMXNpdCUyMTJzaXQlMjIlMjB3aWR0aCUzRCUyMjYwMCUyMiUyMGhlaWdodCUzRCUyMjQ1MCUyMiUyMHN0eWxlJTNEJTIyYm9yZGVyJTNBMCUzQiUyMiUyMGFsbG93ZnVsbHNjcmVlbiUzRCUyMiUyMiUyMGxvYWRpbmclM0QlMjJsYXp5JTIyJTNFJTNDJTJGaWZyYW1lJTNF[\/vc_raw_html][\/vc_column][\/vc_row][vc_row][vc_column width=&#8221;1\/3&#8243;][vc_custom_heading text=&#8221;Comment arriver de nous&#8221; font_container=&#8221;tag:h2|text_align:left|color:%230c397d&#8221; google_fonts=&#8221;font_family:Arimo%3Aregular%2Citalic%2C700%2C700italic|font_style:400%20regular%3A400%3Anormal&#8221;][vc_custom_heading text=&#8221;En train&#8221; font_container=&#8221;tag:h2|text_align:left|color:%230c397d&#8221; google_fonts=&#8221;font_family:Arimo%3Aregular%2Citalic%2C700%2C700italic|font_style:400%20regular%3A400%3Anormal&#8221;][vc_column_text css=&#8221;.vc_custom_1540476329494{margin-top: -40px !important;}&#8221;]Gare de\u00a0Vicenza[\/vc_column_text][vc_custom_heading text=&#8221;En<br \/><a href=\"https:\/\/stiti.it\/index.php\/fr\/contacts-2\/\" class=\"more\">Read more<\/a><\/p>\n","protected":false},"author":1,"featured_media":0,"parent":0,"menu_order":0,"comment_status":"closed","ping_status":"closed","template":"","meta":[],"_links":{"self":[{"href":"https:\/\/stiti.it\/index.php\/wp-json\/wp\/v2\/pages\/8012"}],"collection":[{"href":"https:\/\/stiti.it\/index.php\/wp-json\/wp\/v2\/pages"}],"about":[{"href":"https:\/\/stiti.it\/index.php\/wp-json\/wp\/v2\/types\/page"}],"author":[{"embeddable":true,"href":"https:\/\/stiti.it\/index.php\/wp-json\/wp\/v2\/users\/1"}],"replies":[{"embeddable":true,"href":"https:\/\/stiti.it\/index.php\/wp-json\/wp\/v2\/comments?post=8012"}],"version-history":[{"count":8,"href":"https:\/\/stiti.it\/index.php\/wp-json\/wp\/v2\/pages\/8012\/revisions"}],"predecessor-version":[{"id":9605,"href":"https:\/\/stiti.it\/index.php\/wp-json\/wp\/v2\/pages\/8012\/revisions\/9605"}],"wp:attachment":[{"href":"https:\/\/stiti.it\/index.php\/wp-json\/wp\/v2\/media?parent=8012"}],"curies":[{"name":"wp","href":"https:\/\/api.w.org\/{rel}","templated":true}]}}