{"id":7855,"date":"2018-10-22T07:54:51","date_gmt":"2018-10-22T07:54:51","guid":{"rendered":"http:\/\/stiti.it\/?page_id=7855"},"modified":"2022-03-25T10:00:00","modified_gmt":"2022-03-25T10:00:00","slug":"certifications-2","status":"publish","type":"page","link":"https:\/\/stiti.it\/index.php\/fr\/certifications-2\/","title":{"rendered":"CERTIFICATIONS"},"content":{"rendered":"<p>[vc_row type=&#8221;full-width-content&#8221;][vc_column][vc_single_image image=&#8221;7852&#8243; img_size=&#8221;full&#8221;][\/vc_column][\/vc_row][vc_row][vc_column][vc_custom_heading text=&#8221;Syst\u00e8me de Management de la Qualit\u00e9 ISO 9001&#8243; font_container=&#8221;tag:h2|text_align:left|color:%230c397d&#8221; google_fonts=&#8221;font_family:Arimo%3Aregular%2Citalic%2C700%2C700italic|font_style:700%20bold%20regular%3A700%3Anormal&#8221;][vc_column_text]<span style=\"color: #000000;\">S.T.I.T.I. a toujours donn\u00e9 une tr\u00e8s grande importance \u00e0 l&#8217;adoption d&#8217;un syst\u00e8me de Management de la Qualit\u00e9. En juin 2002, l&#8217;entreprise a obtenu la certification selon la norme UNI EN ISO 9001.<\/span>[\/vc_column_text]<style>#b_1fkd67nuoqn5oye4ho6r a{color:#0c397d; background:; margin-top:0px; margin-bottom:0px;  margin-left:0px; margin-right:0px; font-weight:900; border-radius:0px;}#b_1fkd67nuoqn5oye4ho6r a:hover{color: ; background: ;}<\/style><div class=\"ta_left tf_btn_pos\" id=\"b_1fkd67nuoqn5oye4ho6r\" ><a class=\"rd_normal_bt mediumlarge_rd_bt bt_icon_left   \" href=\"http:\/\/stiti.it\/wp-content\/uploads\/2021\/09\/ISO9001_STITI_2021.pdf\" target=\"yes\" ><i class=\"imf-file-pdf\" ><\/i><span>ISO9001<\/span><\/a><\/div><style>#b_1fkd67nuoqn5oye4ho6r i {color:#0c397d;}#b_1fkd67nuoqn5oye4ho6r a:hover i{color:;}<\/style><style> @font-face{font-family: 'imf'; src:url('https:\/\/stiti.it\/wp-content\/themes\/TheFox\/includes\/4k-icons\/icons\/4k-icons-pack03\/icons\/fonts\/imf.eot'); src:url('https:\/\/stiti.it\/wp-content\/themes\/TheFox\/includes\/4k-icons\/icons\/4k-icons-pack03\/icons\/fonts\/imf.eot?#iefix') format('embedded-opentype'), url('https:\/\/stiti.it\/wp-content\/themes\/TheFox\/includes\/4k-icons\/icons\/4k-icons-pack03\/icons\/fonts\/imf.woff') format('woff'), url('https:\/\/stiti.it\/wp-content\/themes\/TheFox\/includes\/4k-icons\/icons\/4k-icons-pack03\/icons\/fonts\/imf.ttf') format('truetype'), url('https:\/\/stiti.it\/wp-content\/themes\/TheFox\/includes\/4k-icons\/icons\/4k-icons-pack03\/icons\/fonts\/imf.svg#oi') format('svg'); font-weight: normal; font-style: normal;}#b_1fkd67nuoqn5oye4ho6r .imf-file-pdf:before{font-family: 'imf'; font-weight: normal; font-style: normal;}#b_1fkd67nuoqn5oye4ho6r .imf-file-pdf:before{content: \"\\e4e2\";}<\/style>\n<style>#l_6stb3mzig2g848qvv16l{width:1000px;}#l_6stb3mzig2g848qvv16l.sc_line ,#l_6stb3mzig2g848qvv16l .sc_line { height:1px; background:#8ba5bf;}#l_6stb3mzig2g848qvv16l {margin:20px 0 20px 0; padding:0;}<\/style><div class=\"clearfix\"><\/div><div id=\"l_6stb3mzig2g848qvv16l\"  class=\"sc_line rd_line_normal\" ><\/div>[vc_custom_heading text=&#8221;Marquage CE des \u00e9quipements sous pression (PED certification) &#8221; font_container=&#8221;tag:h2|text_align:left|color:%230c397d&#8221; google_fonts=&#8221;font_family:Arimo%3Aregular%2Citalic%2C700%2C700italic|font_style:700%20bold%20regular%3A700%3Anormal&#8221;][vc_column_text]<span style=\"color: #000000;\">En 2002, suite \u00e0 l&#8217;entr\u00e9e en vigueur de la Directive Equipements sous pression, S.T.I.T.I. a obtenu l&#8217;agr\u00e9ment de son propre syst\u00e8me de Management de la Qualit\u00e9 aux fins de la Directive Equipement sous pression.\u00a0<\/span>[\/vc_column_text]<style>#b_33isp5274xr2wxy1ufsg a{color:#0c397d; background:; margin-top:0px; margin-bottom:0px;  margin-left:0px; margin-right:0px; font-weight:900; border-radius:0px;}#b_33isp5274xr2wxy1ufsg a:hover{color: ; background: ;}<\/style><div class=\"ta_left tf_btn_pos\" id=\"b_33isp5274xr2wxy1ufsg\" ><a class=\"rd_normal_bt mediumlarge_rd_bt bt_icon_left   \" href=\"http:\/\/stiti.it\/wp-content\/uploads\/2021\/09\/PED_STITI_2021.pdf\" target=\"yes\" ><i class=\"imf-file-pdf\" ><\/i><span>PED<\/span><\/a><\/div><style>#b_33isp5274xr2wxy1ufsg i {color:#0c397d;}#b_33isp5274xr2wxy1ufsg a:hover i{color:;}<\/style><style> @font-face{font-family: 'imf'; src:url('https:\/\/stiti.it\/wp-content\/themes\/TheFox\/includes\/4k-icons\/icons\/4k-icons-pack03\/icons\/fonts\/imf.eot'); src:url('https:\/\/stiti.it\/wp-content\/themes\/TheFox\/includes\/4k-icons\/icons\/4k-icons-pack03\/icons\/fonts\/imf.eot?#iefix') format('embedded-opentype'), url('https:\/\/stiti.it\/wp-content\/themes\/TheFox\/includes\/4k-icons\/icons\/4k-icons-pack03\/icons\/fonts\/imf.woff') format('woff'), url('https:\/\/stiti.it\/wp-content\/themes\/TheFox\/includes\/4k-icons\/icons\/4k-icons-pack03\/icons\/fonts\/imf.ttf') format('truetype'), url('https:\/\/stiti.it\/wp-content\/themes\/TheFox\/includes\/4k-icons\/icons\/4k-icons-pack03\/icons\/fonts\/imf.svg#oi') format('svg'); font-weight: normal; font-style: normal;}#b_33isp5274xr2wxy1ufsg .imf-file-pdf:before{font-family: 'imf'; font-weight: normal; font-style: normal;}#b_33isp5274xr2wxy1ufsg .imf-file-pdf:before{content: \"\\e4e2\";}<\/style>\n<style>#l_5jrtfhz7pso7nh33xm2x{width:1000px;}#l_5jrtfhz7pso7nh33xm2x.sc_line ,#l_5jrtfhz7pso7nh33xm2x .sc_line { height:1px; background:#8ba5bf;}#l_5jrtfhz7pso7nh33xm2x {margin:20px 0 20px 0; padding:0;}<\/style><div class=\"clearfix\"><\/div><div id=\"l_5jrtfhz7pso7nh33xm2x\"  class=\"sc_line rd_line_normal\" ><\/div>[vc_custom_heading text=&#8221;Marquage EAC des filtres mod. MF et AFR&#8221; font_container=&#8221;tag:h2|text_align:left|color:%230c397d&#8221; google_fonts=&#8221;font_family:Arimo%3Aregular%2Citalic%2C700%2C700italic|font_style:700%20bold%20regular%3A700%3Anormal&#8221;][vc_column_text]<span style=\"color: #000000;\">S.T.I.T.I. a obtenu la certification \/ d\u00e9claration selon \u0422\u0420 \u0422\u0421 032\/2013 et \u0422\u0420 \u0422\u0421 010\/2011, pour les march\u00e9s russe, bi\u00e9lorusse et kazakh.<br \/>\n<\/span>[\/vc_column_text]<style>#b_t1twton161uzfv7t5hw1 a{color:#0c397d; background:; margin-top:0px; margin-bottom:0px;  margin-left:0px; margin-right:0px; font-weight:900; border-radius:0px;}#b_t1twton161uzfv7t5hw1 a:hover{color: ; background: ;}<\/style><div class=\"ta_left tf_btn_pos\" id=\"b_t1twton161uzfv7t5hw1\" ><a class=\"rd_normal_bt mediumlarge_rd_bt bt_icon_left   \" href=\"http:\/\/stiti.it\/wp-content\/uploads\/2018\/12\/STITI_EAC_1.pdf\" target=\"yes\" ><i class=\"imf-file-pdf\" ><\/i><span>EAC<\/span><\/a><\/div><style>#b_t1twton161uzfv7t5hw1 i {color:#0c397d;}#b_t1twton161uzfv7t5hw1 a:hover i{color:;}<\/style><style> @font-face{font-family: 'imf'; src:url('https:\/\/stiti.it\/wp-content\/themes\/TheFox\/includes\/4k-icons\/icons\/4k-icons-pack03\/icons\/fonts\/imf.eot'); src:url('https:\/\/stiti.it\/wp-content\/themes\/TheFox\/includes\/4k-icons\/icons\/4k-icons-pack03\/icons\/fonts\/imf.eot?#iefix') format('embedded-opentype'), url('https:\/\/stiti.it\/wp-content\/themes\/TheFox\/includes\/4k-icons\/icons\/4k-icons-pack03\/icons\/fonts\/imf.woff') format('woff'), url('https:\/\/stiti.it\/wp-content\/themes\/TheFox\/includes\/4k-icons\/icons\/4k-icons-pack03\/icons\/fonts\/imf.ttf') format('truetype'), url('https:\/\/stiti.it\/wp-content\/themes\/TheFox\/includes\/4k-icons\/icons\/4k-icons-pack03\/icons\/fonts\/imf.svg#oi') format('svg'); font-weight: normal; font-style: normal;}#b_t1twton161uzfv7t5hw1 .imf-file-pdf:before{font-family: 'imf'; font-weight: normal; font-style: normal;}#b_t1twton161uzfv7t5hw1 .imf-file-pdf:before{content: \"\\e4e2\";}<\/style>\n[\/vc_column][\/vc_row]<\/p>\n","protected":false},"excerpt":{"rendered":"<p>[vc_row type=&#8221;full-width-content&#8221;][vc_column][vc_single_image image=&#8221;7852&#8243; img_size=&#8221;full&#8221;][\/vc_column][\/vc_row][vc_row][vc_column][vc_custom_heading text=&#8221;Syst\u00e8me de Management de la Qualit\u00e9 ISO 9001&#8243; font_container=&#8221;tag:h2|text_align:left|color:%230c397d&#8221; google_fonts=&#8221;font_family:Arimo%3Aregular%2Citalic%2C700%2C700italic|font_style:700%20bold%20regular%3A700%3Anormal&#8221;][vc_column_text]S.T.I.T.I. a toujours donn\u00e9 une tr\u00e8s grande importance \u00e0 l&#8217;adoption d&#8217;un syst\u00e8me de Management de la Qualit\u00e9. En juin 2002, l&#8217;entreprise a obtenu la certification selon la norme UNI EN ISO 9001.[\/vc_column_text]ISO9001 [vc_custom_heading text=&#8221;Marquage CE des \u00e9quipements sous pression (PED certification) &#8221;<br \/><a href=\"https:\/\/stiti.it\/index.php\/fr\/certifications-2\/\" class=\"more\">Read more<\/a><\/p>\n","protected":false},"author":1,"featured_media":0,"parent":0,"menu_order":0,"comment_status":"closed","ping_status":"closed","template":"","meta":[],"_links":{"self":[{"href":"https:\/\/stiti.it\/index.php\/wp-json\/wp\/v2\/pages\/7855"}],"collection":[{"href":"https:\/\/stiti.it\/index.php\/wp-json\/wp\/v2\/pages"}],"about":[{"href":"https:\/\/stiti.it\/index.php\/wp-json\/wp\/v2\/types\/page"}],"author":[{"embeddable":true,"href":"https:\/\/stiti.it\/index.php\/wp-json\/wp\/v2\/users\/1"}],"replies":[{"embeddable":true,"href":"https:\/\/stiti.it\/index.php\/wp-json\/wp\/v2\/comments?post=7855"}],"version-history":[{"count":14,"href":"https:\/\/stiti.it\/index.php\/wp-json\/wp\/v2\/pages\/7855\/revisions"}],"predecessor-version":[{"id":9635,"href":"https:\/\/stiti.it\/index.php\/wp-json\/wp\/v2\/pages\/7855\/revisions\/9635"}],"wp:attachment":[{"href":"https:\/\/stiti.it\/index.php\/wp-json\/wp\/v2\/media?parent=7855"}],"curies":[{"name":"wp","href":"https:\/\/api.w.org\/{rel}","templated":true}]}}