{"id":7841,"date":"2018-10-22T07:10:21","date_gmt":"2018-10-22T07:10:21","guid":{"rendered":"http:\/\/stiti.it\/?page_id=7841"},"modified":"2019-01-09T09:18:58","modified_gmt":"2019-01-09T09:18:58","slug":"empresa","status":"publish","type":"page","link":"https:\/\/stiti.it\/index.php\/es\/empresa\/","title":{"rendered":"EMPRESA"},"content":{"rendered":"<p>[vc_row type=&#8221;full-width-content&#8221;][vc_column][vc_single_image image=&#8221;7359&#8243; img_size=&#8221;full&#8221; alignment=&#8221;center&#8221;][\/vc_column][\/vc_row][vc_row][vc_column]<style>#l_r9tub66uhs4jxtaqp4c0.sc_line ,#l_r9tub66uhs4jxtaqp4c0 .sc_line { height:1px; background: #ffffff; background: -moz-linear-gradient(90deg, #ffffff 0%, #ffffff 100%); background: -webkit-gradient(linear, left top, right bottom, color-stop(0%,#ffffff), color-stop(100%,#ffffff)); background: -webkit-linear-gradient(90deg, #ffffff 0%,#ffffff 100%); background: -o-linear-gradient(90deg, #ffffff 0%,#ffffff 100%); background: -ms-linear-gradient(90deg, #ffffff 0%,#ffffff 100%); background: linear-gradient(90deg, #ffffff 0%,#ffffff 100%);}#l_r9tub66uhs4jxtaqp4c0 {margin:0px 0 0px 0; padding:0;}<\/style><div class=\"clearfix\"><\/div><div id=\"l_r9tub66uhs4jxtaqp4c0\"  class=\"sc_line rd_line_normal\" ><\/div>[\/vc_column][\/vc_row][vc_row el_class=&#8221;flex-row-video&#8221;][vc_column width=&#8221;1\/2&#8243; el_class=&#8221;business-img-column&#8221;][vc_single_image image=&#8221;7364&#8243; img_size=&#8221;large&#8221;][\/vc_column][vc_column width=&#8221;1\/2&#8243; el_class=&#8221;video-column&#8221;][vc_raw_html el_class=&#8221;custom-video&#8221;]JTNDZGl2JTIwY2xhc3MlM0QlMjJ2aWRlby13cmFwcGVyJTIyJTNFJTIwJTBBJTIwJTNDdmlkZW8lMjBjbGFzcyUzRCUyMnZpZGVvJTIyJTIwcG9zdGVyJTNEJTIyJTJGd3AtY29udGVudCUyRnVwbG9hZHMlMkYyMDE4JTJGMTAlMkZmb3RvLWF6aWVuZGEtc3RpdGkuanBnJTIyJTIwY29udHJvbHMlMjAlM0UlMEElMjAlMjAlM0Nzb3VyY2UlMjBzcmMlM0QlMjIlMkZ3cC1jb250ZW50JTJGdXBsb2FkcyUyRjIwMTglMkYxMCUyRnN0aXRpX2ZpbmFsZV8yX2xpZ2h0X3dlYi5tcDQlMjIlMjB0eXBlJTNEJTIydmlkZW8lMkZtcDQlMjIlM0UlMEElMjAlM0MlMkZ2aWRlbyUzRSUwQSUzQyUyRmRpdiUzRQ==[\/vc_raw_html][\/vc_column][\/vc_row][vc_row][vc_column][vc_column_text font_size=&#8221;17&#8243;]<\/p>\n<p style=\"text-align: justify;\"><span style=\"color: #000000;\">Desde 1986 S.T.I.T.I. s.r.l.\u00a0dise\u00f1a y fabrica equipos y sistemas para el procesamiento del gas natural. La experiencia en este campo nos permite ofrecer una amplia gama de productos de acuerdo con todos los c\u00f3digos y normas locales, de alta calidad y fiabilidad y en un corto per\u00edodo de tiempo. Dise\u00f1amos y fabricamos directamente nuestros productos, por lo que podemos ofrecer a nuestros clientes soluciones personalizadas para satisfacer cada una de sus exigencias. Indicamos a continuaci\u00f3n nuestros principales tipos de productos.\u00a0<\/span><\/p>\n<p>[\/vc_column_text][\/vc_column][\/vc_row][vc_row][vc_column]<style>#l_vuh54nfark9p3v5pvvi8.sc_line ,#l_vuh54nfark9p3v5pvvi8 .sc_line { height:1px; background: #ffffff; background: -moz-linear-gradient(90deg, #ffffff 0%, #ffffff 100%); background: -webkit-gradient(linear, left top, right bottom, color-stop(0%,#ffffff), color-stop(100%,#ffffff)); background: -webkit-linear-gradient(90deg, #ffffff 0%,#ffffff 100%); background: -o-linear-gradient(90deg, #ffffff 0%,#ffffff 100%); background: -ms-linear-gradient(90deg, #ffffff 0%,#ffffff 100%); background: linear-gradient(90deg, #ffffff 0%,#ffffff 100%);}#l_vuh54nfark9p3v5pvvi8 {margin:0px 0 0px 0; padding:0;}<\/style><div class=\"clearfix\"><\/div><div id=\"l_vuh54nfark9p3v5pvvi8\"  class=\"sc_line rd_line_normal\" ><\/div>[\/vc_column][\/vc_row][vc_row][vc_column width=&#8221;2\/3&#8243;][vc_custom_heading text=&#8221;Tipos de instalaciones de gas &#8221; font_container=&#8221;tag:h2|text_align:left|color:%230c397d&#8221; google_fonts=&#8221;font_family:Arimo%3Aregular%2Citalic%2C700%2C700italic|font_style:700%20bold%20regular%3A700%3Anormal&#8221;]<style>#l_36r36y8wxcbivbqurbxv{width:50px;}#l_36r36y8wxcbivbqurbxv.sc_line ,#l_36r36y8wxcbivbqurbxv .sc_line { height:1px; background:#8ba5bf;}#l_36r36y8wxcbivbqurbxv {margin:0px 0 30px 0; padding:0;}<\/style><div class=\"clearfix\"><\/div><div id=\"l_36r36y8wxcbivbqurbxv\"  class=\"sc_line rd_line_normal\" ><\/div>[vc_column_text font_size=&#8221;17&#8243;]<\/p>\n<ul>\n<li><span style=\"color: #000000;\">Estaci\u00f3n de reducci\u00f3n descompresi\u00f3n y medici\u00f3n de gas<\/span><\/li>\n<li><span style=\"color: #000000;\">Instalaci\u00f3n de procesamiento de gas<\/span><\/li>\n<li><span style=\"color: #000000;\">Cabina de reducci\u00f3n y medici\u00f3n para gas metano (Cabina de primera etapa)<\/span><\/li>\n<li><span style=\"color: #000000;\">Grupo de la reducci\u00f3n y medici\u00f3n para uso industrial y civil (Grupo de segunda etapa)<\/span><\/li>\n<li><span style=\"color: #000000;\">Instalaciones para l\u00edquidos<\/span><\/li>\n<li><span style=\"color: #000000;\">Desgasificadores\u00a0<\/span><\/li>\n<\/ul>\n<p>[\/vc_column_text][vc_custom_heading text=&#8221;Tipos de equipamientos<br \/>\n&#8221; font_container=&#8221;tag:h2|text_align:left|color:%230c397d&#8221; google_fonts=&#8221;font_family:Arimo%3Aregular%2Citalic%2C700%2C700italic|font_style:700%20bold%20regular%3A700%3Anormal&#8221;]<style>#l_wvfd133ftbgokavjs8og{width:50px;}#l_wvfd133ftbgokavjs8og.sc_line ,#l_wvfd133ftbgokavjs8og .sc_line { height:1px; background:#8ba5bf;}#l_wvfd133ftbgokavjs8og {margin:0px 0 30px 0; padding:0;}<\/style><div class=\"clearfix\"><\/div><div id=\"l_wvfd133ftbgokavjs8og\"  class=\"sc_line rd_line_normal\" ><\/div>[vc_column_text font_size=&#8221;17&#8243;]<\/p>\n<ul>\n<li><span style=\"color: #000000;\">Filtro de cartucho<\/span><\/li>\n<li><span style=\"color: #000000;\">Filtro separador de dos etapas<\/span><\/li>\n<li><span style=\"color: #000000;\">Separador cicl\u00f3nico<\/span><\/li>\n<li><span style=\"color: #000000;\">Separador de paquete laminar (K.O. Tambor)<\/span><\/li>\n<li><span style=\"color: #000000;\">Intercambiador de calor<\/span><\/li>\n<li><span style=\"color: #000000;\">Odorizador por humedecimiento<\/span><\/li>\n<li><span style=\"color: #000000;\">Trampa de lanzamiento y recepci\u00f3n pig<\/span><\/li>\n<li><span style=\"color: #000000;\">Protecci\u00f3n hidr\u00e1ulica<\/span><\/li>\n<li><span style=\"color: #000000;\">Cierre r\u00e1pido<\/span><\/li>\n<li><span style=\"color: #000000;\">Dep\u00f3sito\/recipiente para el gas<\/span><\/li>\n<li><span style=\"color: #000000;\">Filtro para biocombustible<\/span><\/li>\n<li><span style=\"color: #000000;\">Antorchas fr\u00edas<\/span><\/li>\n<\/ul>\n<p>[\/vc_column_text][vc_custom_heading text=&#8221;Tipos de estructuras<br \/>\n&#8221; font_container=&#8221;tag:h2|text_align:left|color:%230c397d&#8221; google_fonts=&#8221;font_family:Arimo%3Aregular%2Citalic%2C700%2C700italic|font_style:700%20bold%20regular%3A700%3Anormal&#8221;]<style>#l_u5x9suzogfmfjh4d851x{width:50px;}#l_u5x9suzogfmfjh4d851x.sc_line ,#l_u5x9suzogfmfjh4d851x .sc_line { height:1px; background:#8ba5bf;}#l_u5x9suzogfmfjh4d851x {margin:0px 0 30px 0; padding:0;}<\/style><div class=\"clearfix\"><\/div><div id=\"l_u5x9suzogfmfjh4d851x\"  class=\"sc_line rd_line_normal\" ><\/div>[vc_column_text font_size=&#8221;17&#8243;]<\/p>\n<ul>\n<li><span style=\"color: #000000;\">Estructuras de soporte (skid)\u00a0<\/span><\/li>\n<li><span style=\"color: #000000;\">Escalera\u00a0<\/span><\/li>\n<li><span style=\"color: #000000;\">Pasarelas<\/span><\/li>\n<\/ul>\n<p>[\/vc_column_text][\/vc_column][vc_column width=&#8221;1\/3&#8243; css=&#8221;.vc_custom_1540202266559{margin-top: 20px !important;}&#8221;][vc_single_image image=&#8221;7354&#8243; img_size=&#8221;large&#8221;][vc_column_text]<span style=\"color: #000000;\">Instalaciones de gas<\/span>[\/vc_column_text][vc_row_inner css=&#8221;.vc_custom_1540202568616{margin-top: 100px !important;}&#8221;][vc_column_inner][vc_single_image image=&#8221;7356&#8243; img_size=&#8221;large&#8221;][\/vc_column_inner][\/vc_row_inner][vc_column_text]<span style=\"color: #000000;\">Filtros de cartucho<\/span>[\/vc_column_text][vc_row_inner css=&#8221;.vc_custom_1540202608144{margin-top: 120px !important;}&#8221;][vc_column_inner][vc_single_image image=&#8221;7357&#8243; img_size=&#8221;large&#8221;][vc_column_text]<span style=\"color: #000000;\">Estructuras de acero<\/span>[\/vc_column_text][\/vc_column_inner][\/vc_row_inner][\/vc_column][\/vc_row][vc_row css=&#8221;.vc_custom_1540281553258{margin-top: -40px !important;}&#8221;][vc_column]<style>#l_nvsnsl3j3x9cde4dfjz9{width:150px;}#l_nvsnsl3j3x9cde4dfjz9.sc_line ,#l_nvsnsl3j3x9cde4dfjz9 .sc_line { height:1px; background:#8ba5bf;}#l_nvsnsl3j3x9cde4dfjz9.sc_line ,#l_nvsnsl3j3x9cde4dfjz9 .sc_line{margin-left:auto!important; margin-right:auto!important;}#l_nvsnsl3j3x9cde4dfjz9 {margin:0px 0 30px 0; padding:0;}<\/style><div class=\"clearfix\"><\/div><div id=\"l_nvsnsl3j3x9cde4dfjz9\"  class=\"sc_line rd_line_normal\" ><\/div>[vc_column_text font_size=&#8221;17&#8243;]<span style=\"color: #000000;\">Adem\u00e1s de la amplia gama de productos que se presentan, S.T.I.T.I. puede producir equipos de presi\u00f3n especialmente dise\u00f1ados y fabricados junto al cliente, de acuerdo con las necesidades espec\u00edficas.\u00a0<\/span><\/p>\n<p><span style=\"color: #000000;\">Le invitamos a contactar con nosotros para su solicitud (<\/span><a href=\"mailto:stiti@stiti.it\">stiti@stiti.it<\/a><span style=\"color: #000000;\">).<\/span>[\/vc_column_text][\/vc_column][\/vc_row]<\/p>\n","protected":false},"excerpt":{"rendered":"<p>[vc_row type=&#8221;full-width-content&#8221;][vc_column][vc_single_image image=&#8221;7359&#8243; img_size=&#8221;full&#8221; alignment=&#8221;center&#8221;][\/vc_column][\/vc_row][vc_row][vc_column][\/vc_column][\/vc_row][vc_row el_class=&#8221;flex-row-video&#8221;][vc_column width=&#8221;1\/2&#8243; el_class=&#8221;business-img-column&#8221;][vc_single_image image=&#8221;7364&#8243; img_size=&#8221;large&#8221;][\/vc_column][vc_column width=&#8221;1\/2&#8243; el_class=&#8221;video-column&#8221;][vc_raw_html el_class=&#8221;custom-video&#8221;]JTNDZGl2JTIwY2xhc3MlM0QlMjJ2aWRlby13cmFwcGVyJTIyJTNFJTIwJTBBJTIwJTNDdmlkZW8lMjBjbGFzcyUzRCUyMnZpZGVvJTIyJTIwcG9zdGVyJTNEJTIyJTJGd3AtY29udGVudCUyRnVwbG9hZHMlMkYyMDE4JTJGMTAlMkZmb3RvLWF6aWVuZGEtc3RpdGkuanBnJTIyJTIwY29udHJvbHMlMjAlM0UlMEElMjAlMjAlM0Nzb3VyY2UlMjBzcmMlM0QlMjIlMkZ3cC1jb250ZW50JTJGdXBsb2FkcyUyRjIwMTglMkYxMCUyRnN0aXRpX2ZpbmFsZV8yX2xpZ2h0X3dlYi5tcDQlMjIlMjB0eXBlJTNEJTIydmlkZW8lMkZtcDQlMjIlM0UlMEElMjAlM0MlMkZ2aWRlbyUzRSUwQSUzQyUyRmRpdiUzRQ==[\/vc_raw_html][\/vc_column][\/vc_row][vc_row][vc_column][vc_column_text font_size=&#8221;17&#8243;] Desde 1986 S.T.I.T.I. s.r.l.\u00a0dise\u00f1a y fabrica equipos y sistemas para el procesamiento del gas natural. La experiencia en este campo nos permite ofrecer una amplia gama de productos de acuerdo con todos los c\u00f3digos y normas locales, de alta calidad y<br \/><a href=\"https:\/\/stiti.it\/index.php\/es\/empresa\/\" class=\"more\">Read more<\/a><\/p>\n","protected":false},"author":1,"featured_media":0,"parent":0,"menu_order":0,"comment_status":"closed","ping_status":"closed","template":"","meta":[],"_links":{"self":[{"href":"https:\/\/stiti.it\/index.php\/wp-json\/wp\/v2\/pages\/7841"}],"collection":[{"href":"https:\/\/stiti.it\/index.php\/wp-json\/wp\/v2\/pages"}],"about":[{"href":"https:\/\/stiti.it\/index.php\/wp-json\/wp\/v2\/types\/page"}],"author":[{"embeddable":true,"href":"https:\/\/stiti.it\/index.php\/wp-json\/wp\/v2\/users\/1"}],"replies":[{"embeddable":true,"href":"https:\/\/stiti.it\/index.php\/wp-json\/wp\/v2\/comments?post=7841"}],"version-history":[{"count":14,"href":"https:\/\/stiti.it\/index.php\/wp-json\/wp\/v2\/pages\/7841\/revisions"}],"predecessor-version":[{"id":9229,"href":"https:\/\/stiti.it\/index.php\/wp-json\/wp\/v2\/pages\/7841\/revisions\/9229"}],"wp:attachment":[{"href":"https:\/\/stiti.it\/index.php\/wp-json\/wp\/v2\/media?parent=7841"}],"curies":[{"name":"wp","href":"https:\/\/api.w.org\/{rel}","templated":true}]}}