{"id":7825,"date":"2018-10-22T06:47:06","date_gmt":"2018-10-22T06:47:06","guid":{"rendered":"http:\/\/stiti.it\/?page_id=7825"},"modified":"2019-01-09T09:15:26","modified_gmt":"2019-01-09T09:15:26","slug":"lentreprise","status":"publish","type":"page","link":"https:\/\/stiti.it\/index.php\/fr\/lentreprise\/","title":{"rendered":"L&#8217;ENTREPRISE"},"content":{"rendered":"<p>[vc_row type=&#8221;full-width-content&#8221;][vc_column][vc_single_image image=&#8221;7359&#8243; img_size=&#8221;full&#8221; alignment=&#8221;center&#8221;][\/vc_column][\/vc_row][vc_row][vc_column]<style>#l_nw93a541ejx2wfdrg3pe.sc_line ,#l_nw93a541ejx2wfdrg3pe .sc_line { height:1px; background: #ffffff; background: -moz-linear-gradient(90deg, #ffffff 0%, #ffffff 100%); background: -webkit-gradient(linear, left top, right bottom, color-stop(0%,#ffffff), color-stop(100%,#ffffff)); background: -webkit-linear-gradient(90deg, #ffffff 0%,#ffffff 100%); background: -o-linear-gradient(90deg, #ffffff 0%,#ffffff 100%); background: -ms-linear-gradient(90deg, #ffffff 0%,#ffffff 100%); background: linear-gradient(90deg, #ffffff 0%,#ffffff 100%);}#l_nw93a541ejx2wfdrg3pe {margin:0px 0 0px 0; padding:0;}<\/style><div class=\"clearfix\"><\/div><div id=\"l_nw93a541ejx2wfdrg3pe\"  class=\"sc_line rd_line_normal\" ><\/div>[\/vc_column][\/vc_row][vc_row el_class=&#8221;flex-row-video&#8221;][vc_column width=&#8221;1\/2&#8243; el_class=&#8221;business-img-column&#8221;][vc_single_image image=&#8221;7364&#8243; img_size=&#8221;large&#8221;][\/vc_column][vc_column width=&#8221;1\/2&#8243; el_class=&#8221;video-column&#8221;][vc_raw_html el_class=&#8221;custom-video&#8221;]JTNDZGl2JTIwY2xhc3MlM0QlMjJ2aWRlby13cmFwcGVyJTIyJTNFJTIwJTBBJTIwJTNDdmlkZW8lMjBjbGFzcyUzRCUyMnZpZGVvJTIyJTIwcG9zdGVyJTNEJTIyJTJGd3AtY29udGVudCUyRnVwbG9hZHMlMkYyMDE4JTJGMTAlMkZmb3RvLWF6aWVuZGEtc3RpdGkuanBnJTIyJTIwY29udHJvbHMlMjAlM0UlMEElMjAlMjAlM0Nzb3VyY2UlMjBzcmMlM0QlMjIlMkZ3cC1jb250ZW50JTJGdXBsb2FkcyUyRjIwMTglMkYxMCUyRnN0aXRpX2ZpbmFsZV8yX2xpZ2h0X3dlYi5tcDQlMjIlMjB0eXBlJTNEJTIydmlkZW8lMkZtcDQlMjIlM0UlMEElMjAlM0MlMkZ2aWRlbyUzRSUwQSUzQyUyRmRpdiUzRQ==[\/vc_raw_html][\/vc_column][\/vc_row][vc_row][vc_column][vc_column_text font_size=&#8221;17&#8243;]<\/p>\n<p style=\"text-align: justify;\"><span style=\"color: #000000;\">Depuis 1986\u00a0S.T.I.T.I. s.r.l.\u00a0con\u00e7oit et fabrique des appareils et des usines destin\u00e9es au traitement du gaz naturel. L&#8217;exp\u00e9rience acquise dans le secteur nous permet d&#8217;offrir une gamme \u00e9tendue de produits conformes \u00e0 l&#8217;ensemble des codes et des standards internationaux, de tr\u00e8s haute qualit\u00e9, d&#8217;une tr\u00e8s grande fiabilit\u00e9 et dans des d\u00e9lais r\u00e9duits. Nous concevons et fabriquons directement nos produits; nous pouvons donc proposer \u00e0 nos clients des solutions personnalis\u00e9es r\u00e9pondant \u00e0 l&#8217;ensemble de leurs exigences. Vous trouverez ci-apr\u00e8s la liste de nos principales typologies de produits.\u00a0<\/span><\/p>\n<p>[\/vc_column_text][\/vc_column][\/vc_row][vc_row][vc_column]<style>#l_ilmcvu1sia63r1kij1ny.sc_line ,#l_ilmcvu1sia63r1kij1ny .sc_line { height:1px; background: #ffffff; background: -moz-linear-gradient(90deg, #ffffff 0%, #ffffff 100%); background: -webkit-gradient(linear, left top, right bottom, color-stop(0%,#ffffff), color-stop(100%,#ffffff)); background: -webkit-linear-gradient(90deg, #ffffff 0%,#ffffff 100%); background: -o-linear-gradient(90deg, #ffffff 0%,#ffffff 100%); background: -ms-linear-gradient(90deg, #ffffff 0%,#ffffff 100%); background: linear-gradient(90deg, #ffffff 0%,#ffffff 100%);}#l_ilmcvu1sia63r1kij1ny {margin:0px 0 0px 0; padding:0;}<\/style><div class=\"clearfix\"><\/div><div id=\"l_ilmcvu1sia63r1kij1ny\"  class=\"sc_line rd_line_normal\" ><\/div>[\/vc_column][\/vc_row][vc_row][vc_column width=&#8221;2\/3&#8243;][vc_custom_heading text=&#8221;Typologie des usines \u00e0 gaz&#8221; font_container=&#8221;tag:h2|text_align:left|color:%230c397d&#8221; google_fonts=&#8221;font_family:Arimo%3Aregular%2Citalic%2C700%2C700italic|font_style:700%20bold%20regular%3A700%3Anormal&#8221;]<style>#l_l3ur2lkhg0br98868x1n{width:50px;}#l_l3ur2lkhg0br98868x1n.sc_line ,#l_l3ur2lkhg0br98868x1n .sc_line { height:1px; background:#8ba5bf;}#l_l3ur2lkhg0br98868x1n {margin:0px 0 30px 0; padding:0;}<\/style><div class=\"clearfix\"><\/div><div id=\"l_l3ur2lkhg0br98868x1n\"  class=\"sc_line rd_line_normal\" ><\/div>[vc_column_text font_size=&#8221;17&#8243;]<\/p>\n<ul>\n<li><span style=\"color: #000000;\">Station de r\u00e9duction d\u00e9compression et de mesure de gaz<\/span><\/li>\n<li><span style=\"color: #000000;\">Usine de traitement de gaz<\/span><\/li>\n<li><span style=\"color: #000000;\">R\u00e9gulateur et r\u00e9ducteur de gaz m\u00e9thane (Station de r\u00e9duction de pression)<\/span><\/li>\n<li><span style=\"color: #000000;\">Station de r\u00e9duction et de mesure destin\u00e9e \u00e0 un usage industriel et civil (Station de r\u00e9duction de pression de 2\u00e8me niveau)<\/span><\/li>\n<li><span style=\"color: #000000;\">Stations de traitement de produits liquides<\/span><\/li>\n<li><span style=\"color: #000000;\">D\u00e9gazeurs<\/span><\/li>\n<\/ul>\n<p>[\/vc_column_text][vc_custom_heading text=&#8221;Typologies des appareils<br \/>\n&#8221; font_container=&#8221;tag:h2|text_align:left|color:%230c397d&#8221; google_fonts=&#8221;font_family:Arimo%3Aregular%2Citalic%2C700%2C700italic|font_style:700%20bold%20regular%3A700%3Anormal&#8221;]<style>#l_978b9jxjr0s8lqf02z2h{width:50px;}#l_978b9jxjr0s8lqf02z2h.sc_line ,#l_978b9jxjr0s8lqf02z2h .sc_line { height:1px; background:#8ba5bf;}#l_978b9jxjr0s8lqf02z2h {margin:0px 0 30px 0; padding:0;}<\/style><div class=\"clearfix\"><\/div><div id=\"l_978b9jxjr0s8lqf02z2h\"  class=\"sc_line rd_line_normal\" ><\/div>[vc_column_text font_size=&#8221;17&#8243;]<\/p>\n<ul>\n<li><span style=\"color: #000000;\">Filtre \u00e0 cartouche<\/span><\/li>\n<li><span style=\"color: #000000;\">Filtre s\u00e9parateur \u00e0 deux \u00e9tages<\/span><\/li>\n<li><span style=\"color: #000000;\">S\u00e9parateur \u00e0 cyclones<\/span><\/li>\n<li><span style=\"color: #000000;\">S\u00e9parateur compos\u00e9 d&#8217;un bloc lamellaire (Knock-out drum)<\/span><\/li>\n<li><span style=\"color: #000000;\">Echangeur thermique<\/span><\/li>\n<li><span style=\"color: #000000;\">Odoriseur \u00e0 l\u00e9chage<\/span><\/li>\n<li><span style=\"color: #000000;\">Gare de lancement et r\u00e9ception des racleurs<\/span><\/li>\n<li><span style=\"color: #000000;\">Garde hydraulique<\/span><\/li>\n<li><span style=\"color: #000000;\">Fermeture rapide<\/span><\/li>\n<li><span style=\"color: #000000;\">R\u00e9servoir conteneur de gaz<\/span><\/li>\n<li><span style=\"color: #000000;\">Filtre pour biocombustible<\/span><\/li>\n<li><span style=\"color: #000000;\">Torches froides<\/span><\/li>\n<\/ul>\n<p>[\/vc_column_text][vc_custom_heading text=&#8221;Typologies des structures<br \/>\n&#8221; font_container=&#8221;tag:h2|text_align:left|color:%230c397d&#8221; google_fonts=&#8221;font_family:Arimo%3Aregular%2Citalic%2C700%2C700italic|font_style:700%20bold%20regular%3A700%3Anormal&#8221;]<style>#l_kz4c6szqg74du5qz8xz2{width:50px;}#l_kz4c6szqg74du5qz8xz2.sc_line ,#l_kz4c6szqg74du5qz8xz2 .sc_line { height:1px; background:#8ba5bf;}#l_kz4c6szqg74du5qz8xz2 {margin:0px 0 30px 0; padding:0;}<\/style><div class=\"clearfix\"><\/div><div id=\"l_kz4c6szqg74du5qz8xz2\"  class=\"sc_line rd_line_normal\" ><\/div>[vc_column_text font_size=&#8221;17&#8243;]<\/p>\n<ul>\n<li><span style=\"color: #000000;\">Structures de support (skid)\u00a0<\/span><\/li>\n<li><span style=\"color: #000000;\">Escaliers\u00a0<\/span><\/li>\n<li><span style=\"color: #000000;\">Passerelles<\/span><\/li>\n<\/ul>\n<p>[\/vc_column_text][\/vc_column][vc_column width=&#8221;1\/3&#8243; css=&#8221;.vc_custom_1540202266559{margin-top: 20px !important;}&#8221;][vc_single_image image=&#8221;7354&#8243; img_size=&#8221;large&#8221;][vc_column_text]<span style=\"color: #000000;\">Usine a gas<\/span>[\/vc_column_text][vc_row_inner css=&#8221;.vc_custom_1540202568616{margin-top: 100px !important;}&#8221;][vc_column_inner][vc_single_image image=&#8221;7356&#8243; img_size=&#8221;large&#8221;][\/vc_column_inner][\/vc_row_inner][vc_column_text]<span style=\"color: #000000;\">Filtres \u00e0 cartouche<\/span>[\/vc_column_text][vc_row_inner css=&#8221;.vc_custom_1540202608144{margin-top: 120px !important;}&#8221;][vc_column_inner][vc_single_image image=&#8221;7357&#8243; img_size=&#8221;large&#8221;][vc_column_text]<span style=\"color: #000000;\">Structures en acier<\/span>[\/vc_column_text][\/vc_column_inner][\/vc_row_inner][\/vc_column][\/vc_row][vc_row css=&#8221;.vc_custom_1540281480778{margin-top: -40px !important;}&#8221;][vc_column]<style>#l_sq1nc8yyhwq9pajquq12{width:150px;}#l_sq1nc8yyhwq9pajquq12.sc_line ,#l_sq1nc8yyhwq9pajquq12 .sc_line { height:1px; background:#8ba5bf;}#l_sq1nc8yyhwq9pajquq12.sc_line ,#l_sq1nc8yyhwq9pajquq12 .sc_line{margin-left:auto!important; margin-right:auto!important;}#l_sq1nc8yyhwq9pajquq12 {margin:0px 0 30px 0; padding:0;}<\/style><div class=\"clearfix\"><\/div><div id=\"l_sq1nc8yyhwq9pajquq12\"  class=\"sc_line rd_line_normal\" ><\/div>[vc_column_text font_size=&#8221;17&#8243;]<span style=\"color: #000000;\">Outre la tr\u00e8s large gamme de produits pr\u00e9sent\u00e9s, S.T.I.T.I. est en mesure de r\u00e9aliser des appareils \u00e0 pression sp\u00e9ciaux, \u00e9tudi\u00e9s et mis au point avec le maitre d&#8217;ouvrage, en fonction des exigences sp\u00e9cifiques.\u00a0<\/span><\/p>\n<p><span style=\"color: #000000;\">N&#8217;h\u00e9sitez pas \u00e0 nous contacter pour toute information \u00e0 l&#8217;adresse suivante : <\/span><a href=\"mailto:stiti@stiti.it\">stiti@stiti.it<\/a><span style=\"color: #000000;\">.<\/span>[\/vc_column_text][\/vc_column][\/vc_row]<\/p>\n","protected":false},"excerpt":{"rendered":"<p>[vc_row type=&#8221;full-width-content&#8221;][vc_column][vc_single_image image=&#8221;7359&#8243; img_size=&#8221;full&#8221; alignment=&#8221;center&#8221;][\/vc_column][\/vc_row][vc_row][vc_column][\/vc_column][\/vc_row][vc_row el_class=&#8221;flex-row-video&#8221;][vc_column width=&#8221;1\/2&#8243; el_class=&#8221;business-img-column&#8221;][vc_single_image image=&#8221;7364&#8243; img_size=&#8221;large&#8221;][\/vc_column][vc_column width=&#8221;1\/2&#8243; el_class=&#8221;video-column&#8221;][vc_raw_html el_class=&#8221;custom-video&#8221;]JTNDZGl2JTIwY2xhc3MlM0QlMjJ2aWRlby13cmFwcGVyJTIyJTNFJTIwJTBBJTIwJTNDdmlkZW8lMjBjbGFzcyUzRCUyMnZpZGVvJTIyJTIwcG9zdGVyJTNEJTIyJTJGd3AtY29udGVudCUyRnVwbG9hZHMlMkYyMDE4JTJGMTAlMkZmb3RvLWF6aWVuZGEtc3RpdGkuanBnJTIyJTIwY29udHJvbHMlMjAlM0UlMEElMjAlMjAlM0Nzb3VyY2UlMjBzcmMlM0QlMjIlMkZ3cC1jb250ZW50JTJGdXBsb2FkcyUyRjIwMTglMkYxMCUyRnN0aXRpX2ZpbmFsZV8yX2xpZ2h0X3dlYi5tcDQlMjIlMjB0eXBlJTNEJTIydmlkZW8lMkZtcDQlMjIlM0UlMEElMjAlM0MlMkZ2aWRlbyUzRSUwQSUzQyUyRmRpdiUzRQ==[\/vc_raw_html][\/vc_column][\/vc_row][vc_row][vc_column][vc_column_text font_size=&#8221;17&#8243;] Depuis 1986\u00a0S.T.I.T.I. s.r.l.\u00a0con\u00e7oit et fabrique des appareils et des usines destin\u00e9es au traitement du gaz naturel. L&#8217;exp\u00e9rience acquise dans le secteur nous permet d&#8217;offrir une gamme \u00e9tendue de produits conformes \u00e0 l&#8217;ensemble des codes et des standards internationaux, de tr\u00e8s haute<br \/><a href=\"https:\/\/stiti.it\/index.php\/fr\/lentreprise\/\" class=\"more\">Read more<\/a><\/p>\n","protected":false},"author":1,"featured_media":0,"parent":0,"menu_order":0,"comment_status":"closed","ping_status":"closed","template":"","meta":[],"_links":{"self":[{"href":"https:\/\/stiti.it\/index.php\/wp-json\/wp\/v2\/pages\/7825"}],"collection":[{"href":"https:\/\/stiti.it\/index.php\/wp-json\/wp\/v2\/pages"}],"about":[{"href":"https:\/\/stiti.it\/index.php\/wp-json\/wp\/v2\/types\/page"}],"author":[{"embeddable":true,"href":"https:\/\/stiti.it\/index.php\/wp-json\/wp\/v2\/users\/1"}],"replies":[{"embeddable":true,"href":"https:\/\/stiti.it\/index.php\/wp-json\/wp\/v2\/comments?post=7825"}],"version-history":[{"count":14,"href":"https:\/\/stiti.it\/index.php\/wp-json\/wp\/v2\/pages\/7825\/revisions"}],"predecessor-version":[{"id":9227,"href":"https:\/\/stiti.it\/index.php\/wp-json\/wp\/v2\/pages\/7825\/revisions\/9227"}],"wp:attachment":[{"href":"https:\/\/stiti.it\/index.php\/wp-json\/wp\/v2\/media?parent=7825"}],"curies":[{"name":"wp","href":"https:\/\/api.w.org\/{rel}","templated":true}]}}